{"id":72,"date":"2016-12-21T08:29:07","date_gmt":"2016-12-21T07:29:07","guid":{"rendered":"http:\/\/www.pensezavosmissions.com\/?page_id=72"},"modified":"2017-02-10T18:40:13","modified_gmt":"2017-02-10T17:40:13","slug":"assistance-commerciale","status":"publish","type":"page","link":"https:\/\/www.pensezavosmissions.com\/index.php\/assistance-commerciale\/","title":{"rendered":"Assistance commerciale"},"content":{"rendered":"<h1><span style=\"color: #006699;\">Assistance commerciale<\/span><\/h1>\n<p style=\"text-align: justify;\">L\u2019assistante commerciale est le premier contact du client avec l\u2019entreprise. L\u2019assistante commerciale assure le traitement des commandes, la facturation, la tenue du fichier clients, la surveillance des stocks, la r\u00e9daction des devis, la r\u00e9ception et le traitement des factures, elle informe le client des d\u00e9lais de livraison, etc. Elle assure \u00e9galement le suivi des clients et de leur dossier.<\/p>\n<p style=\"text-align: justify;\">L\u2019assistante commerciale joue un r\u00f4le d\u2019interm\u00e9diaire entre son donneur d&rsquo;ordre et le client.<\/p>\n<p style=\"text-align: justify;\">En un mot, elle sait \u00ab\u00a0vendre\u00a0\u00bb les produits de son donneur d&rsquo;ordre.<\/p>\n<p style=\"text-align: justify;\">La nature des t\u00e2ches de l\u2019assistante commerciale d\u00e9pend de l&rsquo;entreprise pour laquelle elle travaille.<\/p>\n<p style=\"text-align: justify;\"><span style=\"color: #006699;\"><strong>Corine AUBERT<\/strong> <\/span>s\u2019adapte aux besoins de ses clients. Elle sait \u00eatre \u00e0 l\u2019\u00e9coute, synth\u00e9tiser et transmettre une information. Elle s\u2019exprime clairement, sait faire preuve de diplomatie, n\u2019h\u00e9site pas \u00e0 argumenter, n\u00e9gocier et g\u00e9rer les \u00e9ventuels conflits.<\/p>\n<p style=\"text-align: justify;\">Son go\u00fbt du contact et son sens du service feront la diff\u00e9rence.<\/p>\n<p>&nbsp;<\/p>\n","protected":false},"excerpt":{"rendered":"<p>L\u2019assistante commerciale est le premier contact du client avec l\u2019entreprise. L\u2019assistante commerciale assure le traitement des commandes, la facturation, la tenue du fichier clients, la surveillance des stocks, la r\u00e9daction des devis, la r\u00e9ception et le traitement des factures, elle informe le client des d\u00e9lais de livraison, etc.<\/p>\n","protected":false},"author":1,"featured_media":197,"parent":0,"menu_order":2,"comment_status":"closed","ping_status":"closed","template":"","meta":{"jetpack_post_was_ever_published":false,"footnotes":""},"class_list":["post-72","page","type-page","status-publish","has-post-thumbnail","hentry"],"yoast_head":"<!-- This site is optimized with the Yoast SEO plugin v24.3 - https:\/\/yoast.com\/wordpress\/plugins\/seo\/ -->\n<title>Assistance commerciale - Corine Aubert<\/title>\n<meta name=\"robots\" content=\"index, follow, max-snippet:-1, max-image-preview:large, max-video-preview:-1\" \/>\n<link rel=\"canonical\" href=\"https:\/\/www.pensezavosmissions.com\/index.php\/assistance-commerciale\/\" \/>\n<meta property=\"og:locale\" content=\"fr_FR\" \/>\n<meta property=\"og:type\" content=\"article\" \/>\n<meta property=\"og:title\" content=\"Assistance commerciale - Corine Aubert\" \/>\n<meta property=\"og:description\" content=\"L\u2019assistante commerciale est le premier contact du client avec l\u2019entreprise. L\u2019assistante commerciale assure le traitement des commandes, la facturation, la tenue du fichier clients, la surveillance des stocks, la r\u00e9daction des devis, la r\u00e9ception et le traitement des factures, elle informe le client des d\u00e9lais de livraison, etc.\" \/>\n<meta property=\"og:url\" content=\"https:\/\/www.pensezavosmissions.com\/index.php\/assistance-commerciale\/\" \/>\n<meta property=\"og:site_name\" content=\"Corine Aubert\" \/>\n<meta property=\"article:modified_time\" content=\"2017-02-10T17:40:13+00:00\" \/>\n<meta property=\"og:image\" content=\"https:\/\/i0.wp.com\/www.pensezavosmissions.com\/wp-content\/uploads\/2017\/01\/accueil4-e1485295512874.jpg?fit=600%2C310&ssl=1\" \/>\n\t<meta property=\"og:image:width\" content=\"600\" \/>\n\t<meta property=\"og:image:height\" content=\"310\" \/>\n\t<meta property=\"og:image:type\" content=\"image\/jpeg\" \/>\n<meta name=\"twitter:card\" content=\"summary_large_image\" \/>\n<meta name=\"twitter:label1\" content=\"Dur\u00e9e de lecture estim\u00e9e\" \/>\n\t<meta name=\"twitter:data1\" content=\"1 minute\" \/>\n<script type=\"application\/ld+json\" class=\"yoast-schema-graph\">{\"@context\":\"https:\/\/schema.org\",\"@graph\":[{\"@type\":\"WebPage\",\"@id\":\"https:\/\/www.pensezavosmissions.com\/index.php\/assistance-commerciale\/\",\"url\":\"https:\/\/www.pensezavosmissions.com\/index.php\/assistance-commerciale\/\",\"name\":\"Assistance commerciale - Corine Aubert\",\"isPartOf\":{\"@id\":\"https:\/\/www.pensezavosmissions.com\/#website\"},\"primaryImageOfPage\":{\"@id\":\"https:\/\/www.pensezavosmissions.com\/index.php\/assistance-commerciale\/#primaryimage\"},\"image\":{\"@id\":\"https:\/\/www.pensezavosmissions.com\/index.php\/assistance-commerciale\/#primaryimage\"},\"thumbnailUrl\":\"https:\/\/i0.wp.com\/www.pensezavosmissions.com\/wp-content\/uploads\/2017\/01\/accueil4-e1485295512874.jpg?fit=600%2C310&ssl=1\",\"datePublished\":\"2016-12-21T07:29:07+00:00\",\"dateModified\":\"2017-02-10T17:40:13+00:00\",\"breadcrumb\":{\"@id\":\"https:\/\/www.pensezavosmissions.com\/index.php\/assistance-commerciale\/#breadcrumb\"},\"inLanguage\":\"fr-FR\",\"potentialAction\":[{\"@type\":\"ReadAction\",\"target\":[\"https:\/\/www.pensezavosmissions.com\/index.php\/assistance-commerciale\/\"]}]},{\"@type\":\"ImageObject\",\"inLanguage\":\"fr-FR\",\"@id\":\"https:\/\/www.pensezavosmissions.com\/index.php\/assistance-commerciale\/#primaryimage\",\"url\":\"https:\/\/i0.wp.com\/www.pensezavosmissions.com\/wp-content\/uploads\/2017\/01\/accueil4-e1485295512874.jpg?fit=600%2C310&ssl=1\",\"contentUrl\":\"https:\/\/i0.wp.com\/www.pensezavosmissions.com\/wp-content\/uploads\/2017\/01\/accueil4-e1485295512874.jpg?fit=600%2C310&ssl=1\",\"width\":600,\"height\":310,\"caption\":\"Assistance commerciale\"},{\"@type\":\"BreadcrumbList\",\"@id\":\"https:\/\/www.pensezavosmissions.com\/index.php\/assistance-commerciale\/#breadcrumb\",\"itemListElement\":[{\"@type\":\"ListItem\",\"position\":1,\"name\":\"Accueil\",\"item\":\"https:\/\/www.pensezavosmissions.com\/\"},{\"@type\":\"ListItem\",\"position\":2,\"name\":\"Assistance commerciale\"}]},{\"@type\":\"WebSite\",\"@id\":\"https:\/\/www.pensezavosmissions.com\/#website\",\"url\":\"https:\/\/www.pensezavosmissions.com\/\",\"name\":\"Corine Aubert\",\"description\":\"Pensez a vos missions commerciales\",\"publisher\":{\"@id\":\"https:\/\/www.pensezavosmissions.com\/#\/schema\/person\/7987e5963615a808f538474d18156767\"},\"potentialAction\":[{\"@type\":\"SearchAction\",\"target\":{\"@type\":\"EntryPoint\",\"urlTemplate\":\"https:\/\/www.pensezavosmissions.com\/?s={search_term_string}\"},\"query-input\":{\"@type\":\"PropertyValueSpecification\",\"valueRequired\":true,\"valueName\":\"search_term_string\"}}],\"inLanguage\":\"fr-FR\"},{\"@type\":[\"Person\",\"Organization\"],\"@id\":\"https:\/\/www.pensezavosmissions.com\/#\/schema\/person\/7987e5963615a808f538474d18156767\",\"name\":\"Corine Aubert\",\"image\":{\"@type\":\"ImageObject\",\"inLanguage\":\"fr-FR\",\"@id\":\"https:\/\/www.pensezavosmissions.com\/#\/schema\/person\/image\/\",\"url\":\"https:\/\/i0.wp.com\/www.pensezavosmissions.com\/wp-content\/uploads\/2016\/12\/CORINE-AUBERT-2-CLAIR.jpg?fit=1488%2C1854&ssl=1\",\"contentUrl\":\"https:\/\/i0.wp.com\/www.pensezavosmissions.com\/wp-content\/uploads\/2016\/12\/CORINE-AUBERT-2-CLAIR.jpg?fit=1488%2C1854&ssl=1\",\"width\":1488,\"height\":1854,\"caption\":\"Corine Aubert\"},\"logo\":{\"@id\":\"https:\/\/www.pensezavosmissions.com\/#\/schema\/person\/image\/\"},\"description\":\"Assistante commerciale, t\u00e9l\u00e9prospectrice et t\u00e9l\u00e9vendeuse, Corine AUBERT prospecte, assiste vos clients et les conseille pour la r\u00e9alisation de leur projet. De par sa taille humaine, le service assure un suivi personnalis\u00e9 et r\u00e9actif \u00e0 ses clients. Apr\u00e8s avoir exerc\u00e9 plusieurs ann\u00e9es dans le secteur commercial, Corine AUBERT met son exp\u00e9rience commerciale et administrative au service du d\u00e9veloppement commercial de ses prospects et clients.\",\"sameAs\":[\"https:\/\/www.pensezavosmissions.com\/\",\"https:\/\/fr.linkedin.com\/in\/corine-aubert-109b01115\"]}]}<\/script>\n<!-- \/ Yoast SEO plugin. -->","yoast_head_json":{"title":"Assistance commerciale - Corine Aubert","robots":{"index":"index","follow":"follow","max-snippet":"max-snippet:-1","max-image-preview":"max-image-preview:large","max-video-preview":"max-video-preview:-1"},"canonical":"https:\/\/www.pensezavosmissions.com\/index.php\/assistance-commerciale\/","og_locale":"fr_FR","og_type":"article","og_title":"Assistance commerciale - Corine Aubert","og_description":"L\u2019assistante commerciale est le premier contact du client avec l\u2019entreprise. L\u2019assistante commerciale assure le traitement des commandes, la facturation, la tenue du fichier clients, la surveillance des stocks, la r\u00e9daction des devis, la r\u00e9ception et le traitement des factures, elle informe le client des d\u00e9lais de livraison, etc.","og_url":"https:\/\/www.pensezavosmissions.com\/index.php\/assistance-commerciale\/","og_site_name":"Corine Aubert","article_modified_time":"2017-02-10T17:40:13+00:00","og_image":[{"width":600,"height":310,"url":"https:\/\/i0.wp.com\/www.pensezavosmissions.com\/wp-content\/uploads\/2017\/01\/accueil4-e1485295512874.jpg?fit=600%2C310&ssl=1","type":"image\/jpeg"}],"twitter_card":"summary_large_image","twitter_misc":{"Dur\u00e9e de lecture estim\u00e9e":"1 minute"},"schema":{"@context":"https:\/\/schema.org","@graph":[{"@type":"WebPage","@id":"https:\/\/www.pensezavosmissions.com\/index.php\/assistance-commerciale\/","url":"https:\/\/www.pensezavosmissions.com\/index.php\/assistance-commerciale\/","name":"Assistance commerciale - Corine Aubert","isPartOf":{"@id":"https:\/\/www.pensezavosmissions.com\/#website"},"primaryImageOfPage":{"@id":"https:\/\/www.pensezavosmissions.com\/index.php\/assistance-commerciale\/#primaryimage"},"image":{"@id":"https:\/\/www.pensezavosmissions.com\/index.php\/assistance-commerciale\/#primaryimage"},"thumbnailUrl":"https:\/\/i0.wp.com\/www.pensezavosmissions.com\/wp-content\/uploads\/2017\/01\/accueil4-e1485295512874.jpg?fit=600%2C310&ssl=1","datePublished":"2016-12-21T07:29:07+00:00","dateModified":"2017-02-10T17:40:13+00:00","breadcrumb":{"@id":"https:\/\/www.pensezavosmissions.com\/index.php\/assistance-commerciale\/#breadcrumb"},"inLanguage":"fr-FR","potentialAction":[{"@type":"ReadAction","target":["https:\/\/www.pensezavosmissions.com\/index.php\/assistance-commerciale\/"]}]},{"@type":"ImageObject","inLanguage":"fr-FR","@id":"https:\/\/www.pensezavosmissions.com\/index.php\/assistance-commerciale\/#primaryimage","url":"https:\/\/i0.wp.com\/www.pensezavosmissions.com\/wp-content\/uploads\/2017\/01\/accueil4-e1485295512874.jpg?fit=600%2C310&ssl=1","contentUrl":"https:\/\/i0.wp.com\/www.pensezavosmissions.com\/wp-content\/uploads\/2017\/01\/accueil4-e1485295512874.jpg?fit=600%2C310&ssl=1","width":600,"height":310,"caption":"Assistance commerciale"},{"@type":"BreadcrumbList","@id":"https:\/\/www.pensezavosmissions.com\/index.php\/assistance-commerciale\/#breadcrumb","itemListElement":[{"@type":"ListItem","position":1,"name":"Accueil","item":"https:\/\/www.pensezavosmissions.com\/"},{"@type":"ListItem","position":2,"name":"Assistance commerciale"}]},{"@type":"WebSite","@id":"https:\/\/www.pensezavosmissions.com\/#website","url":"https:\/\/www.pensezavosmissions.com\/","name":"Corine Aubert","description":"Pensez a vos missions commerciales","publisher":{"@id":"https:\/\/www.pensezavosmissions.com\/#\/schema\/person\/7987e5963615a808f538474d18156767"},"potentialAction":[{"@type":"SearchAction","target":{"@type":"EntryPoint","urlTemplate":"https:\/\/www.pensezavosmissions.com\/?s={search_term_string}"},"query-input":{"@type":"PropertyValueSpecification","valueRequired":true,"valueName":"search_term_string"}}],"inLanguage":"fr-FR"},{"@type":["Person","Organization"],"@id":"https:\/\/www.pensezavosmissions.com\/#\/schema\/person\/7987e5963615a808f538474d18156767","name":"Corine Aubert","image":{"@type":"ImageObject","inLanguage":"fr-FR","@id":"https:\/\/www.pensezavosmissions.com\/#\/schema\/person\/image\/","url":"https:\/\/i0.wp.com\/www.pensezavosmissions.com\/wp-content\/uploads\/2016\/12\/CORINE-AUBERT-2-CLAIR.jpg?fit=1488%2C1854&ssl=1","contentUrl":"https:\/\/i0.wp.com\/www.pensezavosmissions.com\/wp-content\/uploads\/2016\/12\/CORINE-AUBERT-2-CLAIR.jpg?fit=1488%2C1854&ssl=1","width":1488,"height":1854,"caption":"Corine Aubert"},"logo":{"@id":"https:\/\/www.pensezavosmissions.com\/#\/schema\/person\/image\/"},"description":"Assistante commerciale, t\u00e9l\u00e9prospectrice et t\u00e9l\u00e9vendeuse, Corine AUBERT prospecte, assiste vos clients et les conseille pour la r\u00e9alisation de leur projet. De par sa taille humaine, le service assure un suivi personnalis\u00e9 et r\u00e9actif \u00e0 ses clients. Apr\u00e8s avoir exerc\u00e9 plusieurs ann\u00e9es dans le secteur commercial, Corine AUBERT met son exp\u00e9rience commerciale et administrative au service du d\u00e9veloppement commercial de ses prospects et clients.","sameAs":["https:\/\/www.pensezavosmissions.com\/","https:\/\/fr.linkedin.com\/in\/corine-aubert-109b01115"]}]}},"jetpack_sharing_enabled":true,"jetpack_shortlink":"https:\/\/wp.me\/P8dXQ9-1a","jetpack-related-posts":[{"id":30,"url":"https:\/\/www.pensezavosmissions.com\/index.php\/home-office\/","url_meta":{"origin":72,"position":0},"title":"Home office \/ Portage salarial","author":"Corine Aubert","date":"17 d\u00e9cembre 2016","format":false,"excerpt":"Le portage salarial vous permet de recourir aux services d\u2019une assistante commerciale, t\u00e9l\u00e9prospectrice ou t\u00e9l\u00e9vendeuse sans en \u00eatre directement l\u2019employeur. En effet, la personne \u00e0 laquelle vous confiez une ou plusieurs missions (le port\u00e9) est r\u00e9mun\u00e9r\u00e9e par un tiers (une entreprise de portage salarial avec laquelle vous signez un contrat\u2026","rel":"","context":"Article similaire","block_context":{"text":"Article similaire","link":""},"img":{"alt_text":"","src":"","width":0,"height":0},"classes":[]},{"id":74,"url":"https:\/\/www.pensezavosmissions.com\/index.php\/teleprospection\/","url_meta":{"origin":72,"position":1},"title":"T\u00e9l\u00e9prospection","author":"Corine Aubert","date":"21 d\u00e9cembre 2016","format":false,"excerpt":"Les missions de t\u00e9l\u00e9prospection qui vous sont propos\u00e9es sont les suivantes : travail en amont de l'\u00e9quipe commerciale, prospection et d\u00e9termination des besoins des clients, prise de rendez-vous. Pour mener \u00e0 bien sa mission, la t\u00e9l\u00e9prospectrice dispose d\u2019un portefeuille de clients sous forme de bases de donn\u00e9es.","rel":"","context":"Article similaire","block_context":{"text":"Article similaire","link":""},"img":{"alt_text":"T\u00e9l\u00e9prospection","src":"https:\/\/i0.wp.com\/www.pensezavosmissions.com\/wp-content\/uploads\/2017\/01\/accueil2-e1485295386967.jpg?fit=600%2C310&ssl=1&resize=350%2C200","width":350,"height":200,"srcset":"https:\/\/i0.wp.com\/www.pensezavosmissions.com\/wp-content\/uploads\/2017\/01\/accueil2-e1485295386967.jpg?fit=600%2C310&ssl=1&resize=350%2C200 1x, https:\/\/i0.wp.com\/www.pensezavosmissions.com\/wp-content\/uploads\/2017\/01\/accueil2-e1485295386967.jpg?fit=600%2C310&ssl=1&resize=525%2C300 1.5x"},"classes":[]},{"id":67,"url":"https:\/\/www.pensezavosmissions.com\/","url_meta":{"origin":72,"position":2},"title":"Assistante commerciale, t\u00e9l\u00e9prospectrice et t\u00e9l\u00e9vendeuse,\u2026","author":"Corine Aubert","date":"21 d\u00e9cembre 2016","format":false,"excerpt":"Assistante commerciale, t\u00e9l\u00e9prospectrice et t\u00e9l\u00e9vendeuse, Corine AUBERT prospecte, assiste vos clients et les conseille pour la r\u00e9alisation de leur projet.","rel":"","context":"Article similaire","block_context":{"text":"Article similaire","link":""},"img":{"alt_text":"","src":"https:\/\/i0.wp.com\/www.pensezavosmissions.com\/wp-content\/uploads\/2017\/01\/Domaines_interventions.png?resize=350%2C200&ssl=1","width":350,"height":200,"srcset":"https:\/\/i0.wp.com\/www.pensezavosmissions.com\/wp-content\/uploads\/2017\/01\/Domaines_interventions.png?resize=350%2C200&ssl=1 1x, https:\/\/i0.wp.com\/www.pensezavosmissions.com\/wp-content\/uploads\/2017\/01\/Domaines_interventions.png?resize=525%2C300&ssl=1 1.5x, https:\/\/i0.wp.com\/www.pensezavosmissions.com\/wp-content\/uploads\/2017\/01\/Domaines_interventions.png?resize=700%2C400&ssl=1 2x, https:\/\/i0.wp.com\/www.pensezavosmissions.com\/wp-content\/uploads\/2017\/01\/Domaines_interventions.png?resize=1050%2C600&ssl=1 3x"},"classes":[]},{"id":70,"url":"https:\/\/www.pensezavosmissions.com\/index.php\/presentation\/","url_meta":{"origin":72,"position":3},"title":"Apr\u00e8s avoir exerc\u00e9 plusieurs ann\u00e9es\u2026","author":"Corine Aubert","date":"21 d\u00e9cembre 2016","format":false,"excerpt":"Apr\u00e8s avoir exerc\u00e9 plusieurs ann\u00e9es dans le secteur commercial, Corine AUBERT met son exp\u00e9rience commerciale et administrative au service du d\u00e9veloppement commercial de ses prospects et clients.","rel":"","context":"Article similaire","block_context":{"text":"Article similaire","link":""},"img":{"alt_text":"","src":"https:\/\/i0.wp.com\/www.pensezavosmissions.com\/wp-content\/uploads\/2024\/04\/Corine_Aubert.png?resize=350%2C200&ssl=1","width":350,"height":200},"classes":[]},{"id":76,"url":"https:\/\/www.pensezavosmissions.com\/index.php\/televente\/","url_meta":{"origin":72,"position":4},"title":"T\u00e9l\u00e9vente","author":"Corine Aubert","date":"21 d\u00e9cembre 2016","format":false,"excerpt":"Les missions de t\u00e9l\u00e9vente qui vous sont propos\u00e9es sont les suivantes : vendre un produit ou un service, fid\u00e9liser la client\u00e8le. Pour mener \u00e0 bien sa mission, la t\u00e9l\u00e9vendeuse aura \u00e0 sa disposition : un argumentaire t\u00e9l\u00e9phonique, une base de donn\u00e9es clients.","rel":"","context":"Article similaire","block_context":{"text":"Article similaire","link":""},"img":{"alt_text":"T\u00e9l\u00e9vente","src":"https:\/\/i0.wp.com\/www.pensezavosmissions.com\/wp-content\/uploads\/2017\/01\/accueil3-e1485295452249.jpg?fit=600%2C310&ssl=1&resize=350%2C200","width":350,"height":200,"srcset":"https:\/\/i0.wp.com\/www.pensezavosmissions.com\/wp-content\/uploads\/2017\/01\/accueil3-e1485295452249.jpg?fit=600%2C310&ssl=1&resize=350%2C200 1x, https:\/\/i0.wp.com\/www.pensezavosmissions.com\/wp-content\/uploads\/2017\/01\/accueil3-e1485295452249.jpg?fit=600%2C310&ssl=1&resize=525%2C300 1.5x"},"classes":[]}],"_links":{"self":[{"href":"https:\/\/www.pensezavosmissions.com\/index.php\/wp-json\/wp\/v2\/pages\/72","targetHints":{"allow":["GET"]}}],"collection":[{"href":"https:\/\/www.pensezavosmissions.com\/index.php\/wp-json\/wp\/v2\/pages"}],"about":[{"href":"https:\/\/www.pensezavosmissions.com\/index.php\/wp-json\/wp\/v2\/types\/page"}],"author":[{"embeddable":true,"href":"https:\/\/www.pensezavosmissions.com\/index.php\/wp-json\/wp\/v2\/users\/1"}],"replies":[{"embeddable":true,"href":"https:\/\/www.pensezavosmissions.com\/index.php\/wp-json\/wp\/v2\/comments?post=72"}],"version-history":[{"count":11,"href":"https:\/\/www.pensezavosmissions.com\/index.php\/wp-json\/wp\/v2\/pages\/72\/revisions"}],"predecessor-version":[{"id":434,"href":"https:\/\/www.pensezavosmissions.com\/index.php\/wp-json\/wp\/v2\/pages\/72\/revisions\/434"}],"wp:featuredmedia":[{"embeddable":true,"href":"https:\/\/www.pensezavosmissions.com\/index.php\/wp-json\/wp\/v2\/media\/197"}],"wp:attachment":[{"href":"https:\/\/www.pensezavosmissions.com\/index.php\/wp-json\/wp\/v2\/media?parent=72"}],"curies":[{"name":"wp","href":"https:\/\/api.w.org\/{rel}","templated":true}]}}